{"id":79,"date":"2025-03-24T19:44:37","date_gmt":"2025-03-24T19:44:37","guid":{"rendered":"https:\/\/gvs.com.br\/energy-mobility\/?page_id=79"},"modified":"2025-08-14T20:11:28","modified_gmt":"2025-08-14T20:11:28","slug":"introducao","status":"publish","type":"page","link":"https:\/\/www.gvs.com.br\/energy-mobility\/introducao\/","title":{"rendered":"Introdu\u00e7\u00e3o"},"content":{"rendered":"\n<div class=\"wp-block-uagb-container uagb-block-4a946aa3 alignfull uagb-is-root-container\"><div class=\"uagb-container-inner-blocks-wrap\">\n<div class=\"wp-block-uagb-advanced-heading uagb-block-8d1297cc\"><h2 class=\"uagb-heading-text\"> Energy &amp; Mobility GVS<\/h2><\/div>\n<\/div><\/div>\n\n\n\n<div class=\"wp-block-uagb-container uagb-block-5d8b7873 alignfull uagb-is-root-container\"><div class=\"uagb-container-inner-blocks-wrap\">\n<div class=\"wp-block-uagb-container uagb-block-c0c90874\">\n<div class=\"wp-block-uagb-image uagb-block-a393fb0e wp-block-uagb-image--layout-default wp-block-uagb-image--effect-static wp-block-uagb-image--align-none\"><figure class=\"wp-block-uagb-image__figure\"><img decoding=\"async\"  sizes=\"auto, (max-width: 480px) 150px\" src=\"https:\/\/www.gvs.com.br\/energy-mobility\/wp-content\/uploads\/2025\/03\/EM-home.png\" alt=\"\" width=\"450\" height=\"450\" title=\"EM-home\" loading=\"lazy\" role=\"img\"\/><\/figure><\/div>\n<\/div>\n\n\n\n<div class=\"wp-block-uagb-container uagb-block-3cafd7c3\">\n<div class=\"wp-block-uagb-advanced-heading uagb-block-bfc75cd8\"><h3 class=\"uagb-heading-text\">Divis\u00e3o de Energy &amp; Mobility do Grupo GVS<\/h3><\/div>\n\n\n\n<p class=\"has-text-align-justify has-text-align-justify\">Gra\u00e7as aos seus diversos Centros de Desenvolvimento ao redor do mundo e a uma rede global de plantas de produ\u00e7\u00e3o, a GVS Energy &amp; Mobility atende com sucesso \u00e0s necessidades de seus clientes em escala internacional, garantindo suporte cont\u00ednuo desde a fase de desenvolvimento at\u00e9 o design do produto, passando pela cria\u00e7\u00e3o do prot\u00f3tipo at\u00e9 a produ\u00e7\u00e3o industrial, utilizando as t\u00e9cnicas mais modernas e competitivas.<\/p>\n<\/div>\n<\/div><\/div>\n\n\n\n<div class=\"wp-block-uagb-advanced-heading uagb-block-96feabd5\"><h3 class=\"uagb-heading-text\">Com rela\u00e7\u00e3o \u00e0 divis\u00e3o de Energia &amp; Mobilidade, todas as instala\u00e7\u00f5es de produ\u00e7\u00e3o possuem certifica\u00e7\u00f5es ISO-TS 16949 e est\u00e3o em processo de obten\u00e7\u00e3o da certifica\u00e7\u00e3o ambiental ISO 14001.<\/h3><\/div>\n\n\n\n<div class=\"wp-block-uagb-separator uagb-block-837031d2\"><div class=\"uagb-separator-spacing-wrapper\"><div class=\"wp-block-uagb-separator__inner\" style=\"--my-background-image:\"><\/div><\/div><\/div>\n\n\n\n<div class=\"wp-block-uagb-call-to-action uagb-block-9f75f10f wp-block-button\"><div class=\"uagb-cta__wrap\"><h3 class=\"uagb-cta__title\">Tire suas d\u00favidas!<\/h3><p class=\"uagb-cta__desc\">Entre em contato com o nosso time, esclare\u00e7a as suas d\u00favidas e solicite a sua cota\u00e7\u00e3o!<\/p><\/div><div class=\"uagb-cta__buttons\"><a href=\"https:\/\/wa.me\/5519991369121\" class=\"uagb-cta__button-link-wrapper wp-block-button__link\" target=\"_blank\" rel=\"noopener noreferrer\"><svg xmlns=\"https:\/\/www.w3.org\/2000\/svg\" viewBox=\"0 0 448 512\"><path d=\"M380.9 97.1C339 55.1 283.2 32 223.9 32c-122.4 0-222 99.6-222 222 0 39.1 10.2 77.3 29.6 111L0 480l117.7-30.9c32.4 17.7 68.9 27 106.1 27h.1c122.3 0 224.1-99.6 224.1-222 0-59.3-25.2-115-67.1-157zm-157 341.6c-33.2 0-65.7-8.9-94-25.7l-6.7-4-69.8 18.3L72 359.2l-4.4-7c-18.5-29.4-28.2-63.3-28.2-98.2 0-101.7 82.8-184.5 184.6-184.5 49.3 0 95.6 19.2 130.4 54.1 34.8 34.9 56.2 81.2 56.1 130.5 0 101.8-84.9 184.6-186.6 184.6zm101.2-138.2c-5.5-2.8-32.8-16.2-37.9-18-5.1-1.9-8.8-2.8-12.5 2.8-3.7 5.6-14.3 18-17.6 21.8-3.2 3.7-6.5 4.2-12 1.4-32.6-16.3-54-29.1-75.5-66-5.7-9.8 5.7-9.1 16.3-30.3 1.8-3.7 .9-6.9-.5-9.7-1.4-2.8-12.5-30.1-17.1-41.2-4.5-10.8-9.1-9.3-12.5-9.5-3.2-.2-6.9-.2-10.6-.2-3.7 0-9.7 1.4-14.8 6.9-5.1 5.6-19.4 19-19.4 46.3 0 27.3 19.9 53.7 22.6 57.4 2.8 3.7 39.1 59.7 94.8 83.8 35.2 15.2 49 16.5 66.6 13.9 10.7-1.6 32.8-13.4 37.4-26.4 4.6-13 4.6-24.1 3.2-26.4-1.3-2.5-5-3.9-10.5-6.6z\"><\/path><\/svg>WhatsApp<\/a><\/div><\/div>\n\n\n\n<p><\/p>\n","protected":false},"excerpt":{"rendered":"<p>Energy &amp; Mobility GVS Divis\u00e3o de Energy &amp; Mobility do Grupo GVS Gra\u00e7as aos seus diversos Centros de Desenvolvimento ao [&hellip;]<\/p>\n","protected":false},"author":2,"featured_media":0,"parent":0,"menu_order":0,"comment_status":"closed","ping_status":"closed","template":"","meta":{"_uag_custom_page_level_css":"","site-sidebar-layout":"default","site-content-layout":"","ast-site-content-layout":"","site-content-style":"default","site-sidebar-style":"default","ast-global-header-display":"","ast-banner-title-visibility":"","ast-main-header-display":"","ast-hfb-above-header-display":"","ast-hfb-below-header-display":"","ast-hfb-mobile-header-display":"","site-post-title":"disabled","ast-breadcrumbs-content":"","ast-featured-img":"","footer-sml-layout":"","theme-transparent-header-meta":"","adv-header-id-meta":"","stick-header-meta":"","header-above-stick-meta":"","header-main-stick-meta":"","header-below-stick-meta":"","astra-migrate-meta-layouts":"default","ast-page-background-enabled":"default","ast-page-background-meta":{"desktop":{"background-color":"var(--ast-global-color-5)","background-image":"","background-repeat":"repeat","background-position":"center center","background-size":"auto","background-attachment":"scroll","background-type":"","background-media":"","overlay-type":"","overlay-color":"","overlay-opacity":"","overlay-gradient":""},"tablet":{"background-color":"","background-image":"","background-repeat":"repeat","background-position":"center center","background-size":"auto","background-attachment":"scroll","background-type":"","background-media":"","overlay-type":"","overlay-color":"","overlay-opacity":"","overlay-gradient":""},"mobile":{"background-color":"","background-image":"","background-repeat":"repeat","background-position":"center center","background-size":"auto","background-attachment":"scroll","background-type":"","background-media":"","overlay-type":"","overlay-color":"","overlay-opacity":"","overlay-gradient":""}},"ast-content-background-meta":{"desktop":{"background-color":"var(--ast-global-color-4)","background-image":"","background-repeat":"repeat","background-position":"center center","background-size":"auto","background-attachment":"scroll","background-type":"","background-media":"","overlay-type":"","overlay-color":"","overlay-opacity":"","overlay-gradient":""},"tablet":{"background-color":"var(--ast-global-color-4)","background-image":"","background-repeat":"repeat","background-position":"center center","background-size":"auto","background-attachment":"scroll","background-type":"","background-media":"","overlay-type":"","overlay-color":"","overlay-opacity":"","overlay-gradient":""},"mobile":{"background-color":"var(--ast-global-color-4)","background-image":"","background-repeat":"repeat","background-position":"center center","background-size":"auto","background-attachment":"scroll","background-type":"","background-media":"","overlay-type":"","overlay-color":"","overlay-opacity":"","overlay-gradient":""}},"footnotes":""},"class_list":["post-79","page","type-page","status-publish","hentry"],"yoast_head":"<!-- This site is optimized with the Yoast SEO plugin v27.2 - https:\/\/yoast.com\/product\/yoast-seo-wordpress\/ -->\n<title>Introdu\u00e7\u00e3o - Energy &amp; Mobility<\/title>\n<meta name=\"robots\" content=\"index, follow, max-snippet:-1, max-image-preview:large, max-video-preview:-1\" \/>\n<link rel=\"canonical\" href=\"https:\/\/www.gvs.com.br\/energy-mobility\/introducao\/\" \/>\n<meta property=\"og:locale\" content=\"pt_BR\" \/>\n<meta property=\"og:type\" content=\"article\" \/>\n<meta property=\"og:title\" content=\"Introdu\u00e7\u00e3o - Energy &amp; Mobility\" \/>\n<meta property=\"og:description\" content=\"Energy &amp; Mobility GVS Divis\u00e3o de Energy &amp; Mobility do Grupo GVS Gra\u00e7as aos seus diversos Centros de Desenvolvimento ao [&hellip;]\" \/>\n<meta property=\"og:url\" content=\"https:\/\/www.gvs.com.br\/energy-mobility\/introducao\/\" \/>\n<meta property=\"og:site_name\" content=\"Energy &amp; Mobility\" \/>\n<meta property=\"article:modified_time\" content=\"2025-08-14T20:11:28+00:00\" \/>\n<meta property=\"og:image\" content=\"https:\/\/www.gvs.com.br\/energy-mobility\/wp-content\/uploads\/2025\/03\/EM-home.png\" \/>\n<meta name=\"twitter:card\" content=\"summary_large_image\" \/>\n<meta name=\"twitter:label1\" content=\"Est. tempo de leitura\" \/>\n\t<meta name=\"twitter:data1\" content=\"1 minuto\" \/>\n<script type=\"application\/ld+json\" class=\"yoast-schema-graph\">{\"@context\":\"https:\/\/schema.org\",\"@graph\":[{\"@type\":\"WebPage\",\"@id\":\"https:\/\/www.gvs.com.br\/energy-mobility\/introducao\/\",\"url\":\"https:\/\/www.gvs.com.br\/energy-mobility\/introducao\/\",\"name\":\"Introdu\u00e7\u00e3o - Energy &amp; Mobility\",\"isPartOf\":{\"@id\":\"https:\/\/www.gvs.com.br\/energy-mobility\/#website\"},\"primaryImageOfPage\":{\"@id\":\"https:\/\/www.gvs.com.br\/energy-mobility\/introducao\/#primaryimage\"},\"image\":{\"@id\":\"https:\/\/www.gvs.com.br\/energy-mobility\/introducao\/#primaryimage\"},\"thumbnailUrl\":\"https:\/\/www.gvs.com.br\/energy-mobility\/wp-content\/uploads\/2025\/03\/EM-home.png\",\"datePublished\":\"2025-03-24T19:44:37+00:00\",\"dateModified\":\"2025-08-14T20:11:28+00:00\",\"breadcrumb\":{\"@id\":\"https:\/\/www.gvs.com.br\/energy-mobility\/introducao\/#breadcrumb\"},\"inLanguage\":\"pt-BR\",\"potentialAction\":[{\"@type\":\"ReadAction\",\"target\":[\"https:\/\/www.gvs.com.br\/energy-mobility\/introducao\/\"]}]},{\"@type\":\"ImageObject\",\"inLanguage\":\"pt-BR\",\"@id\":\"https:\/\/www.gvs.com.br\/energy-mobility\/introducao\/#primaryimage\",\"url\":\"https:\/\/www.gvs.com.br\/energy-mobility\/wp-content\/uploads\/2025\/03\/EM-home.png\",\"contentUrl\":\"https:\/\/www.gvs.com.br\/energy-mobility\/wp-content\/uploads\/2025\/03\/EM-home.png\",\"width\":450,\"height\":450},{\"@type\":\"BreadcrumbList\",\"@id\":\"https:\/\/www.gvs.com.br\/energy-mobility\/introducao\/#breadcrumb\",\"itemListElement\":[{\"@type\":\"ListItem\",\"position\":1,\"name\":\"In\u00edcio\",\"item\":\"https:\/\/www.gvs.com.br\/energy-mobility\/\"},{\"@type\":\"ListItem\",\"position\":2,\"name\":\"Introdu\u00e7\u00e3o\"}]},{\"@type\":\"WebSite\",\"@id\":\"https:\/\/www.gvs.com.br\/energy-mobility\/#website\",\"url\":\"https:\/\/www.gvs.com.br\/energy-mobility\/\",\"name\":\"Energy &amp; Mobility\",\"description\":\"\",\"publisher\":{\"@id\":\"https:\/\/www.gvs.com.br\/energy-mobility\/#organization\"},\"potentialAction\":[{\"@type\":\"SearchAction\",\"target\":{\"@type\":\"EntryPoint\",\"urlTemplate\":\"https:\/\/www.gvs.com.br\/energy-mobility\/?s={search_term_string}\"},\"query-input\":{\"@type\":\"PropertyValueSpecification\",\"valueRequired\":true,\"valueName\":\"search_term_string\"}}],\"inLanguage\":\"pt-BR\"},{\"@type\":\"Organization\",\"@id\":\"https:\/\/www.gvs.com.br\/energy-mobility\/#organization\",\"name\":\"Energy &amp; Mobility\",\"url\":\"https:\/\/www.gvs.com.br\/energy-mobility\/\",\"logo\":{\"@type\":\"ImageObject\",\"inLanguage\":\"pt-BR\",\"@id\":\"https:\/\/www.gvs.com.br\/energy-mobility\/#\/schema\/logo\/image\/\",\"url\":\"https:\/\/www.gvs.com.br\/energy-mobility\/wp-content\/uploads\/2025\/03\/cropped-logo-gvs.png\",\"contentUrl\":\"https:\/\/www.gvs.com.br\/energy-mobility\/wp-content\/uploads\/2025\/03\/cropped-logo-gvs.png\",\"width\":334,\"height\":165,\"caption\":\"Energy &amp; Mobility\"},\"image\":{\"@id\":\"https:\/\/www.gvs.com.br\/energy-mobility\/#\/schema\/logo\/image\/\"}}]}<\/script>\n<!-- \/ Yoast SEO plugin. -->","yoast_head_json":{"title":"Introdu\u00e7\u00e3o - Energy &amp; Mobility","robots":{"index":"index","follow":"follow","max-snippet":"max-snippet:-1","max-image-preview":"max-image-preview:large","max-video-preview":"max-video-preview:-1"},"canonical":"https:\/\/www.gvs.com.br\/energy-mobility\/introducao\/","og_locale":"pt_BR","og_type":"article","og_title":"Introdu\u00e7\u00e3o - Energy &amp; Mobility","og_description":"Energy &amp; Mobility GVS Divis\u00e3o de Energy &amp; Mobility do Grupo GVS Gra\u00e7as aos seus diversos Centros de Desenvolvimento ao [&hellip;]","og_url":"https:\/\/www.gvs.com.br\/energy-mobility\/introducao\/","og_site_name":"Energy &amp; Mobility","article_modified_time":"2025-08-14T20:11:28+00:00","og_image":[{"url":"https:\/\/www.gvs.com.br\/energy-mobility\/wp-content\/uploads\/2025\/03\/EM-home.png","type":"","width":"","height":""}],"twitter_card":"summary_large_image","twitter_misc":{"Est. tempo de leitura":"1 minuto"},"schema":{"@context":"https:\/\/schema.org","@graph":[{"@type":"WebPage","@id":"https:\/\/www.gvs.com.br\/energy-mobility\/introducao\/","url":"https:\/\/www.gvs.com.br\/energy-mobility\/introducao\/","name":"Introdu\u00e7\u00e3o - Energy &amp; Mobility","isPartOf":{"@id":"https:\/\/www.gvs.com.br\/energy-mobility\/#website"},"primaryImageOfPage":{"@id":"https:\/\/www.gvs.com.br\/energy-mobility\/introducao\/#primaryimage"},"image":{"@id":"https:\/\/www.gvs.com.br\/energy-mobility\/introducao\/#primaryimage"},"thumbnailUrl":"https:\/\/www.gvs.com.br\/energy-mobility\/wp-content\/uploads\/2025\/03\/EM-home.png","datePublished":"2025-03-24T19:44:37+00:00","dateModified":"2025-08-14T20:11:28+00:00","breadcrumb":{"@id":"https:\/\/www.gvs.com.br\/energy-mobility\/introducao\/#breadcrumb"},"inLanguage":"pt-BR","potentialAction":[{"@type":"ReadAction","target":["https:\/\/www.gvs.com.br\/energy-mobility\/introducao\/"]}]},{"@type":"ImageObject","inLanguage":"pt-BR","@id":"https:\/\/www.gvs.com.br\/energy-mobility\/introducao\/#primaryimage","url":"https:\/\/www.gvs.com.br\/energy-mobility\/wp-content\/uploads\/2025\/03\/EM-home.png","contentUrl":"https:\/\/www.gvs.com.br\/energy-mobility\/wp-content\/uploads\/2025\/03\/EM-home.png","width":450,"height":450},{"@type":"BreadcrumbList","@id":"https:\/\/www.gvs.com.br\/energy-mobility\/introducao\/#breadcrumb","itemListElement":[{"@type":"ListItem","position":1,"name":"In\u00edcio","item":"https:\/\/www.gvs.com.br\/energy-mobility\/"},{"@type":"ListItem","position":2,"name":"Introdu\u00e7\u00e3o"}]},{"@type":"WebSite","@id":"https:\/\/www.gvs.com.br\/energy-mobility\/#website","url":"https:\/\/www.gvs.com.br\/energy-mobility\/","name":"Energy &amp; Mobility","description":"","publisher":{"@id":"https:\/\/www.gvs.com.br\/energy-mobility\/#organization"},"potentialAction":[{"@type":"SearchAction","target":{"@type":"EntryPoint","urlTemplate":"https:\/\/www.gvs.com.br\/energy-mobility\/?s={search_term_string}"},"query-input":{"@type":"PropertyValueSpecification","valueRequired":true,"valueName":"search_term_string"}}],"inLanguage":"pt-BR"},{"@type":"Organization","@id":"https:\/\/www.gvs.com.br\/energy-mobility\/#organization","name":"Energy &amp; Mobility","url":"https:\/\/www.gvs.com.br\/energy-mobility\/","logo":{"@type":"ImageObject","inLanguage":"pt-BR","@id":"https:\/\/www.gvs.com.br\/energy-mobility\/#\/schema\/logo\/image\/","url":"https:\/\/www.gvs.com.br\/energy-mobility\/wp-content\/uploads\/2025\/03\/cropped-logo-gvs.png","contentUrl":"https:\/\/www.gvs.com.br\/energy-mobility\/wp-content\/uploads\/2025\/03\/cropped-logo-gvs.png","width":334,"height":165,"caption":"Energy &amp; Mobility"},"image":{"@id":"https:\/\/www.gvs.com.br\/energy-mobility\/#\/schema\/logo\/image\/"}}]}},"uagb_featured_image_src":{"full":false,"thumbnail":false,"medium":false,"medium_large":false,"large":false,"1536x1536":false,"2048x2048":false},"uagb_author_info":{"display_name":"admin-gvs","author_link":"https:\/\/www.gvs.com.br\/energy-mobility\/author\/admin-gvs\/"},"uagb_comment_info":0,"uagb_excerpt":"Energy &amp; Mobility GVS Divis\u00e3o de Energy &amp; Mobility do Grupo GVS Gra\u00e7as aos seus diversos Centros de Desenvolvimento ao [&hellip;]","_links":{"self":[{"href":"https:\/\/www.gvs.com.br\/energy-mobility\/wp-json\/wp\/v2\/pages\/79","targetHints":{"allow":["GET"]}}],"collection":[{"href":"https:\/\/www.gvs.com.br\/energy-mobility\/wp-json\/wp\/v2\/pages"}],"about":[{"href":"https:\/\/www.gvs.com.br\/energy-mobility\/wp-json\/wp\/v2\/types\/page"}],"author":[{"embeddable":true,"href":"https:\/\/www.gvs.com.br\/energy-mobility\/wp-json\/wp\/v2\/users\/2"}],"replies":[{"embeddable":true,"href":"https:\/\/www.gvs.com.br\/energy-mobility\/wp-json\/wp\/v2\/comments?post=79"}],"version-history":[{"count":3,"href":"https:\/\/www.gvs.com.br\/energy-mobility\/wp-json\/wp\/v2\/pages\/79\/revisions"}],"predecessor-version":[{"id":382,"href":"https:\/\/www.gvs.com.br\/energy-mobility\/wp-json\/wp\/v2\/pages\/79\/revisions\/382"}],"wp:attachment":[{"href":"https:\/\/www.gvs.com.br\/energy-mobility\/wp-json\/wp\/v2\/media?parent=79"}],"curies":[{"name":"wp","href":"https:\/\/api.w.org\/{rel}","templated":true}]}}